43
(-103 - -5 - ((-18 - -41) + -15)) + (-1 - 5)
-112
(-23 - 16) + 2 + 0
-37
What is -7 - (16 - (-39 - (-4 - 14)))?
-44
What is the value of -3 - (5 - 16) - ((-11 - -15) + -13)?
17
Evaluate 233 + -231 + (-2 - (2 - -6)) - (-14 - 0).
6
Calculate (-41 + 20 - 2 - -25) + 71 - 3.
70
What is (-53 + -63 - -68) + 36?
-12
Evaluate (-8 - -27) + -7 - (-6 - -21).
-3
(34 - (43 + 3)) + (8 - 3)
-7
21 + (-18 - 237 - -116)
-118
Calculate -32 + -14 + 91 + -46.
-1
What is -26297 - -26270 - (1 + 1 + 21)?
-50
What is the value of 4 + (6 - (-1 - 0 - -75)) + -2?
-66
Evaluate (-44 - (-18 + -9)) + (-10 - -20).
-7
Calculate -2 - -76 - (-49 - (-106 + 51) - (0 + 8)).
76
Calculate (-1 - 20) + 36 + -81 + (22 - 25).
-69
17 - (-4 - (-4 - (-10 - -12)) - 10)
25
What is -52 + (-3 - (-24 - -11 - 12))?
-30
Calculate -10 + 3 - -4 - (-5 + (-6 - -7)).
1
What is 131 + 87 + -168 + (-7 - 1) + -1?
41
What is 23 - (-49 + -1 - (-4 - 10))?
59
(11 - (-20 + 31)) + -13 + 1 + -1
-13
What is 32 + -50 + 47 - 28?
1
What is the value of (-4 - (5 + -11)) + -5 + 10 + 59 + -16?
50
Evaluate 29 - ((-19 - -20) + 19) - -45.
54
Evaluate -46 + (-29 + 27 - -16).
-32
What is the value of (90 - (-138 + 99)) + -134?
-5
What is 3363 + -3343 + (1 + 0 - -4)?
25
Evaluate -2 + (-19 + 65 - 19).
25
What is the value of (0 - -2) + 37 - (5 - (-17 - (-27 + -4)))?
48
Calculate (16 - (16 - 13)) + (68 - 149).
-68
Evaluate 71 + -26 + -29 - (6 - -1).
9
What is the value of -179 - -141 - (6 + -73)?
29
What is the value of 12 - (23 + 0 + -22 + 9)?
2
What is 1 - -1 - (-567 + 546) - -5?
28
Evaluate (4 - (1 + 3 + 2)) + -1 + 23.
20
Evaluate -153 + 156 - (12 - 0) - (64 - -9).
-82
What is (-98 - -9) + (-43 - -221)?
89
Evaluate 155 + -167 + (-3 - 1 - -15).
-1
Calculate 30 + (-3 - 2) + (21 - (-6 + (6 - -11))).
35
0 + 20 + -7 + -1 + -2 + -16
-6
What is 73 - (13 + 0 - (2 + (1 - -6)))?
69
33 + -18 - 27 - (-6 - -22)
-28
Evaluate 4 - 10 - (27 + -20 + 23 - 6).
-30
Calculate 35 - 47 - (2 + -6 - (3 - -10 - -94)).
99
Evaluate -35 + 33 + (-54 - 26).
-82
-9 - (-17 + -23 + -1)
32
12 - (-113 + -7 + -28 + 11 + -2)
151
-6 + 0 - ((-155 - 5) + -12 + 65)
101
-13 - ((-10 - -1) + -9 + (9 - (20 - 3)))
13
81 - (47 - 97) - 81
50
231 + -486 - (4 - 158)
-101
What is the value of (-1689 + 1698 - (1 - 6 - -2)) + 35?
47
(75 - 1) + (1402 - 1419)
57
Evaluate -32 + (-16 - ((-38 - 132) + 14)).
108
Evaluate (-8 - (20 - 23) - -25) + 30.
50
Calculate 2 + 52 - (15 + -5 + -2 + -4).
50
152 - (72 + 95 + -91)
76
Calculate 25 - 0 - (1124 - 1121).
22
(14 - 54) + 100 + -54
6
What is the value of -1 - -110 - (123 + -219 - -108)?
97
Evaluate 5 - (-33 - -63 - -33).
-58
What is 24 - (69 - (50 - 23))?
-18
41 + 3 - (11 - (33 - 20 - 0))
46
Calculate (-107 - (-75 - 47)) + (-1 - 38).
-24
(117 + 32 + 12 - 20) + 17
158
Evaluate 18 - (-11 - -7 - (-4 - 22)).
-4
What is (-62 - (-212 - -92)) + -9?
49
655 - 671 - (-58 - 0)
42
Calculate 74 - 54 - (2 + 14).
4
What is the value of (33 - 11) + -10 + -40?
-28
Evaluate 16 + 4 + -52 + 99 + -51.
16
What is the value of 0 + (26 - -19) + -1 + 2 + -10?
36
What is 24 - (116 + (-41 - (-48 - -38)))?
-61
Evaluate (7 - (2 - -6)) + (4 + (9 - 9) - -20).
23
What is the value of 24 - (55 + -18) - (1 + (1 - (-2 + 77)))?
60
Calculate 219 - 237 - (-12 + -6).
0
-2 - (-14 + 1 - -16) - (-6 - -47)
-46
Evaluate -55 + -42 + 59 - -93.
55
What is -10 + 3 - 2 - (-11 - (20 - -36)) - 11?
47
-7 + -48 + 53 + -6
-8
What is the value of (-3 - (-12 + 13 - -11 - (29 - 2))) + -42?
-30
What is 47 + 2 + -7 + 1 + -167 + 179 + -2?
53
What is (6 - -61) + 42 + -67?
42
What is the value of -3 + 66 - (-373 + 384)?
52
(-539 - -529) + 3 + -64
-71
Calculate 13 + (10 + (-4 - (25 + -10)) - -1).
5
Evaluate -25 + 2 + (79 - (-16 + 23)).
49
Calculate (27 - (-10 - (9 - 32)) - 13) + 2 + -42.
-39
What is the value of 8 + -4 + -4 + 25 + (-353 - -428)?
100
Evaluate 9 + -38 + (-18 - (-85 - 16)).
54
What is -14 + 4 + (123 - 106) + 20?
27
What is (-1825 - -1839) + (0 - (16 + -2))?
0
What is the value of (-1 + 4 - (5 + -12 + 9)) + (747 - 797)?
-49
Evaluate 25 + -76 + 17 + 43 - (54 + -1).
-44
Calculate (-1939 - -2091) + (9 - 292).
-131
93 + ((33 - -12) + -34 + 7 - (-1 - -5))
107
What is the value of (-9 - -19) + -25 + -45?
-60
What is the value of (-5 - (-25 - (-12 - 3))) + (-23 - 0)?
-18
Evaluate (11 - 0) + (687 - 694) + 4 + (-1 - -31).
38
What is 5 + 2 + -20 + (0 - (14 + 4))?
-31
Calculate (-6 - -7 - (-10 - -3 - -10)) + -21 + -3.
-26
What is the value of 158 + (2 - 80) + -33?
47
What is the value of 4 + 44 + 5 + 4 + (84 - 97)?
44
What is 199 + -164 - (0 - -6) - 45?
-16
What is -67 + 76 + -59 - -127?
77
What is the value of -12 - 7 - (17 + -6 - 47)?
17
Evaluate 82 + -26 + 20 + -17 + -13.
46
955 + -971 + (9 - (-3 + 1)) - -56
51
What is (-54 + 36 - (22 + -1)) + 25?
-14
(-5 + -6 + 16 - 22 - -23) + 37 + 2
45
-83 + 8 + -1 + -9 + 12 - 7 - 0
-80
What is (4 - (2 - -1 - (10 - (-6 + 16)))) + 45?
46
Evaluate 9 + 7 + (-6 + -2 - (-7 - -2)) - -33.
46
What is -2 + -7 + (0 - 3) + 39 + (26 - 105)?
-52
What is the value of 228 + -278 + 77 + -1?
26
What is (3 - 5) + 2 + 9 + -52?
-43
-33 - (-18 - -7) - ((-20 - -26) + 10)
-38
Calculate -50 + 7 + -1 - (-10 - (9 + 3 + -18)).
-40
What is the value of -32 - (-1 + 10 + 2015 + -2163)?
107
63 - (105 - (29 - -32))
19
Evaluate 39 + (-73 - (-97 - 5)).
68
61 + 39 + -11 + -39 + -28
22
-26 + (-84 - -90) + 140
120
Calculate 7 + 23 + 11 + -45 - 6 - -100.
90
What is (44 + -27 - 31) + (0 - 2) + 133?
117
What is 3 + (-12 + 8 - -32 - 7)?
24
What is the value of -13 - (0 + -2) - (-86 + (30 - (-36 - -30)))?
39
94 - 72 - (25 + -19 + 16 + (-11 - -2))
9
What is the value of -16 - (17 + 0 - (-202 - -187))?
-48
Evaluate -422 + 394 + (13 - (4 - 6)).
-13
Evaluate (-3 - (4 + -4)) + 6 - ((-70 - -38) + 31).
4
What is -1 + 0 + 33 + (-42 - 18) + 20?
-8
What is the value of (2 - -4) + 20 + -18 + 16?
24
What is the value of 25 - (-8 - (9 - 30)) - -35?
47
53 + -70 - -76 - (20 - 0)
39
What is the value of (1182 - 1178) + (-33 - -28) + (110 - 1)?
108
What is 23 + -4 + -137 + 54?
-64
Calculate -126 - (9 + -33 + 10 + 11 + (-6 - -13)).
-130
-6 + -8 + 37 - 40
-17
What is 0 - -2 - (158 + -166 + (2 - (-5 + 4)))?
7
What is the value of -69 - ((58 - 78) + 13)?
-62
Evaluate -16 + 21 + 13 - (-8 + -2).
28
Calculate -16 - 1 - (220 + -223) - 6 - (1 + 9).
-30
Evaluate -14 - (1 + (8 - (-1 + 5 + (-2 - -8)))).
-13
What is 9 + 2 - (77 - (76 + -65) - (-2 - -10))?
-47
-114 - -53 - (-1 - (50 - 13))
-23
What is the value of (-4 - (-2 + 5)) + (22 + -16 - (9 - 13))?
3
Evaluate 30 - (37 - (6 + 12) - 6).
17
-74 + (-16 - (39 + -105))
-24
Evaluate 52 - (0 + 7 + 100).
-55
What is -3 + (7 - 1) + -9 + -96 + 84?
-18
What is (33 - (-52 - -30)) + -101?
-46
44 - (3 - (27 - -6 - 6) - (-24 + 13))
57
What is -113 + 46 + 131 - 33?
31
What is -28 - ((7 - 5) + 17 + -8)?
-39
((-41 - -22) + -2 - 3) + (8 - 60)
-76
Evaluate 13 + (-9 + 0 - -5) - (-13 + 7 + 12).
3
-6 - (93 + (-2 - -2) - (-799 + 812))
-86
-29 + 14 - (-6 + 5 - (3 + -1))
-12
Calculate (-995 - -1106) + (-40 + 7 - 4).
74
What is (22 + -55 - 4) + 20 + -4?
-21
Evaluate -75 + -1 + (6 + 24 - 6 - 43).
-95
What is the value of (-25 - -25) + -16 - -31?
15
What is 11 - -1 - (5 - 4) - (130 + 70 - 174)?
-15
Calculate 56 + -1 + -101 + 71.
25
(-5 + -11 - -5) + 2 + -45 + (9 - -12)
-33
What is the value of 20 - (-14 - -40) - (-1 + -21 + 3)?
13
Calculate -4 + 16 - -6 - (-93 - -106).
5
Calculate -2 + -8 - (-47 + -66 + 58 + -28).
73
Calculate (53 - 78 - -66) + -4.
37
What is the value of -49 + -3 - (-42 + 24 + 32)?
-66
What is -47 - (3 - (-14 - -53))?
-11
76 + -42 + -36 + 40
38
What is the value of 14 + (125 - 130) + (-19 - -1) + -64?
-73
Calculate (-2 - -14) + (-21 - -14).
5
What is (13 + -35 - -21) + (7 - -7) - 74?
-61
What is the value of 16 + 24 + -24 + -15 + -104?
-103
Calculate -75 + 27 + 10 + -4.
-42
What is the value of -12 + 0 + -42 + 42 + 11 + 15 + -101?
-87
67 - 2 - ((-7 - -2) + -140 + 153)
57
What is -62 + 18 - (23 + -23 + -5 + (-11 - -1))?
-29
Calculate (-12 - (-103 + 87)) + (31 + 1 - -1).
37
Calculate (-8 - -29 - (20 - 10)) + 63 + (0 - 3).
71
What is -51 - (80 - (101 + -46))?
-76
What is the value of 81 + -2 + ((121 - 102) + -8 + 1 - 3)?
88
What is -61 - ((12 - (12 + -15)) + (-5 + -1 - 7))?
-63
What is -78 - (-47 - 70 - -48)?
-9
What is -13 - (-8 - -11) - (33 + -45)?
-4
Evaluate (-19 + (13 - -4) - (1